{"id":36068,"date":"2015-05-08T11:19:24","date_gmt":"2015-05-08T11:19:24","guid":{"rendered":"http:\/\/lusamater.pt\/?product=tray-me-2"},"modified":"2023-12-19T12:49:40","modified_gmt":"2023-12-19T12:49:40","slug":"tray-me-2","status":"publish","type":"product","link":"https:\/\/lusamater.pt\/en\/produto\/tray-me-2\/","title":{"rendered":"Tabuleiro Corti\u00e7a Tray me"},"content":{"rendered":"","protected":false},"excerpt":{"rendered":"<p>Tabuleiro Tray Me.\u00a0 em aglomerado de corti\u00e7a.<\/p>\n<p>Do pequeno almo\u00e7o na cama, ao jantar no sof\u00e1,\u00a0 a um caf\u00e9 ou cocktail no terra\u00e7o, o tabuleiro e bandeja de corti\u00e7a\u00a0 Tray me \u00e9 uma elegante e confort\u00e1vel forma de servir bebidas e refei\u00e7\u00f5es.<\/p>\n<p>Fabricado em corti\u00e7a, material reconhecido pela sua beleza e sustentabilidade, \u00e9 imperme\u00e1vel, seguro e f\u00e1cil de transportar.<\/p>\n","protected":false},"featured_media":52050,"template":"","meta":[],"product_cat":[1095,1686,1585],"product_tag":[],"yoast_head":"<!-- This site is optimized with the Yoast SEO plugin v22.8 - https:\/\/yoast.com\/wordpress\/plugins\/seo\/ -->\n<title>Tabuleiro Corti\u00e7a Tray me - Lusa Mater<\/title>\n<meta name=\"robots\" content=\"index, follow, max-snippet:-1, max-image-preview:large, max-video-preview:-1\" \/>\n<link rel=\"canonical\" href=\"https:\/\/lusamater.pt\/produto\/tray-me-2\/\" \/>\n<meta property=\"og:locale\" content=\"en_US\" \/>\n<meta property=\"og:type\" content=\"article\" \/>\n<meta property=\"og:title\" content=\"Tabuleiro Corti\u00e7a Tray me - Lusa Mater\" \/>\n<meta property=\"og:description\" content=\"[:pt]Tabuleiro Tray Me.\u00a0 em aglomerado de corti\u00e7a. 45 x 30cm.  Do pequeno almo\u00e7o na cama, ao jantar no sof\u00e1,\u00a0 a um caf\u00e9 ou cocktail no terra\u00e7o, o tabuleiro e bandeja de corti\u00e7a\u00a0 Tray me \u00e9 uma elegante e confort\u00e1vel forma de servir bebidas e refei\u00e7\u00f5es.  Fabricado em corti\u00e7a, material reconhecido pela sua beleza e sustentabilidade, \u00e9 imperme\u00e1vel, seguro e f\u00e1cil de transportar.[:en]Tabuleiro Tray Me.\u00a0 em aglomerado de corti\u00e7a.  Do pequeno almo\u00e7o na cama, ao jantar no sof\u00e1,\u00a0 a um caf\u00e9 ou cocktail no terra\u00e7o, o tabuleiro e bandeja de corti\u00e7a\u00a0 Tray me \u00e9 uma elegante e confort\u00e1vel forma de servir bebidas e refei\u00e7\u00f5es.  Fabricado em corti\u00e7a, material reconhecido pela sua beleza e sustentabilidade, \u00e9 imperme\u00e1vel, seguro e f\u00e1cil de transportar.[:]\" \/>\n<meta property=\"og:url\" content=\"https:\/\/lusamater.pt\/produto\/tray-me-2\/\" \/>\n<meta property=\"og:site_name\" content=\"Lusa Mater\" \/>\n<meta property=\"article:publisher\" content=\"https:\/\/www.facebook.com\/lusamater.pt\/\" \/>\n<meta property=\"article:modified_time\" content=\"2023-12-19T12:49:40+00:00\" \/>\n<meta property=\"og:image\" content=\"https:\/\/lusamater.pt\/wp-content\/uploads\/2020\/12\/KRK004-Tabuleiro-Tray-me_cortica_Lusa-Mater.jpg\" \/>\n\t<meta property=\"og:image:width\" content=\"800\" \/>\n\t<meta property=\"og:image:height\" content=\"800\" \/>\n\t<meta property=\"og:image:type\" content=\"image\/jpeg\" \/>\n<meta name=\"twitter:card\" content=\"summary_large_image\" \/>\n<meta name=\"twitter:site\" content=\"@lusamater\" \/>\n<script type=\"application\/ld+json\" class=\"yoast-schema-graph\">{\"@context\":\"https:\/\/schema.org\",\"@graph\":[{\"@type\":\"WebPage\",\"@id\":\"https:\/\/lusamater.pt\/produto\/tray-me-2\/\",\"url\":\"https:\/\/lusamater.pt\/produto\/tray-me-2\/\",\"name\":\"Tabuleiro Corti\u00e7a Tray me - Lusa Mater\",\"isPartOf\":{\"@id\":\"https:\/\/lusamater.pt\/#website\"},\"primaryImageOfPage\":{\"@id\":\"https:\/\/lusamater.pt\/produto\/tray-me-2\/#primaryimage\"},\"image\":{\"@id\":\"https:\/\/lusamater.pt\/produto\/tray-me-2\/#primaryimage\"},\"thumbnailUrl\":\"https:\/\/lusamater.pt\/wp-content\/uploads\/2020\/12\/KRK004-Tabuleiro-Tray-me_cortica_Lusa-Mater.jpg\",\"datePublished\":\"2015-05-08T11:19:24+00:00\",\"dateModified\":\"2023-12-19T12:49:40+00:00\",\"breadcrumb\":{\"@id\":\"https:\/\/lusamater.pt\/produto\/tray-me-2\/#breadcrumb\"},\"inLanguage\":\"en-US\",\"potentialAction\":[{\"@type\":\"ReadAction\",\"target\":[\"https:\/\/lusamater.pt\/produto\/tray-me-2\/\"]}]},{\"@type\":\"ImageObject\",\"inLanguage\":\"en-US\",\"@id\":\"https:\/\/lusamater.pt\/produto\/tray-me-2\/#primaryimage\",\"url\":\"https:\/\/lusamater.pt\/wp-content\/uploads\/2020\/12\/KRK004-Tabuleiro-Tray-me_cortica_Lusa-Mater.jpg\",\"contentUrl\":\"https:\/\/lusamater.pt\/wp-content\/uploads\/2020\/12\/KRK004-Tabuleiro-Tray-me_cortica_Lusa-Mater.jpg\",\"width\":800,\"height\":800},{\"@type\":\"BreadcrumbList\",\"@id\":\"https:\/\/lusamater.pt\/produto\/tray-me-2\/#breadcrumb\",\"itemListElement\":[{\"@type\":\"ListItem\",\"position\":1,\"name\":\"Home\",\"item\":\"https:\/\/lusamater.pt\/\"},{\"@type\":\"ListItem\",\"position\":2,\"name\":\"Loja\",\"item\":\"https:\/\/lusamater.pt\/shop\/\"},{\"@type\":\"ListItem\",\"position\":3,\"name\":\"Tabuleiro Corti\u00e7a Tray me\"}]},{\"@type\":\"WebSite\",\"@id\":\"https:\/\/lusamater.pt\/#website\",\"url\":\"https:\/\/lusamater.pt\/\",\"name\":\"Lusa Mater\",\"description\":\"S\u00f3 n\u00e3o vendemos saudade\",\"publisher\":{\"@id\":\"https:\/\/lusamater.pt\/#organization\"},\"potentialAction\":[{\"@type\":\"SearchAction\",\"target\":{\"@type\":\"EntryPoint\",\"urlTemplate\":\"https:\/\/lusamater.pt\/?s={search_term_string}\"},\"query-input\":\"required name=search_term_string\"}],\"inLanguage\":\"en-US\"},{\"@type\":\"Organization\",\"@id\":\"https:\/\/lusamater.pt\/#organization\",\"name\":\"Lusa Mater\",\"url\":\"https:\/\/lusamater.pt\/\",\"logo\":{\"@type\":\"ImageObject\",\"inLanguage\":\"en-US\",\"@id\":\"https:\/\/lusamater.pt\/#\/schema\/logo\/image\/\",\"url\":\"https:\/\/lusamater.pt\/wp-content\/uploads\/2015\/07\/500x500.png\",\"contentUrl\":\"https:\/\/lusamater.pt\/wp-content\/uploads\/2015\/07\/500x500.png\",\"width\":500,\"height\":500,\"caption\":\"Lusa Mater\"},\"image\":{\"@id\":\"https:\/\/lusamater.pt\/#\/schema\/logo\/image\/\"},\"sameAs\":[\"https:\/\/www.facebook.com\/lusamater.pt\/\",\"https:\/\/x.com\/lusamater\",\"https:\/\/instagram.com\/lusamater\/\",\"https:\/\/pt.pinterest.com\/lusamater\/\"]}]}<\/script>\n<!-- \/ Yoast SEO plugin. -->","yoast_head_json":{"title":"Tabuleiro Corti\u00e7a Tray me - Lusa Mater","robots":{"index":"index","follow":"follow","max-snippet":"max-snippet:-1","max-image-preview":"max-image-preview:large","max-video-preview":"max-video-preview:-1"},"canonical":"https:\/\/lusamater.pt\/produto\/tray-me-2\/","og_locale":"en_US","og_type":"article","og_title":"Tabuleiro Corti\u00e7a Tray me - Lusa Mater","og_description":"[:pt]Tabuleiro Tray Me.\u00a0 em aglomerado de corti\u00e7a. 45 x 30cm.  Do pequeno almo\u00e7o na cama, ao jantar no sof\u00e1,\u00a0 a um caf\u00e9 ou cocktail no terra\u00e7o, o tabuleiro e bandeja de corti\u00e7a\u00a0 Tray me \u00e9 uma elegante e confort\u00e1vel forma de servir bebidas e refei\u00e7\u00f5es.  Fabricado em corti\u00e7a, material reconhecido pela sua beleza e sustentabilidade, \u00e9 imperme\u00e1vel, seguro e f\u00e1cil de transportar.[:en]Tabuleiro Tray Me.\u00a0 em aglomerado de corti\u00e7a.  Do pequeno almo\u00e7o na cama, ao jantar no sof\u00e1,\u00a0 a um caf\u00e9 ou cocktail no terra\u00e7o, o tabuleiro e bandeja de corti\u00e7a\u00a0 Tray me \u00e9 uma elegante e confort\u00e1vel forma de servir bebidas e refei\u00e7\u00f5es.  Fabricado em corti\u00e7a, material reconhecido pela sua beleza e sustentabilidade, \u00e9 imperme\u00e1vel, seguro e f\u00e1cil de transportar.[:]","og_url":"https:\/\/lusamater.pt\/produto\/tray-me-2\/","og_site_name":"Lusa Mater","article_publisher":"https:\/\/www.facebook.com\/lusamater.pt\/","article_modified_time":"2023-12-19T12:49:40+00:00","og_image":[{"width":800,"height":800,"url":"https:\/\/lusamater.pt\/wp-content\/uploads\/2020\/12\/KRK004-Tabuleiro-Tray-me_cortica_Lusa-Mater.jpg","type":"image\/jpeg"}],"twitter_card":"summary_large_image","twitter_site":"@lusamater","schema":{"@context":"https:\/\/schema.org","@graph":[{"@type":"WebPage","@id":"https:\/\/lusamater.pt\/produto\/tray-me-2\/","url":"https:\/\/lusamater.pt\/produto\/tray-me-2\/","name":"Tabuleiro Corti\u00e7a Tray me - Lusa Mater","isPartOf":{"@id":"https:\/\/lusamater.pt\/#website"},"primaryImageOfPage":{"@id":"https:\/\/lusamater.pt\/produto\/tray-me-2\/#primaryimage"},"image":{"@id":"https:\/\/lusamater.pt\/produto\/tray-me-2\/#primaryimage"},"thumbnailUrl":"https:\/\/lusamater.pt\/wp-content\/uploads\/2020\/12\/KRK004-Tabuleiro-Tray-me_cortica_Lusa-Mater.jpg","datePublished":"2015-05-08T11:19:24+00:00","dateModified":"2023-12-19T12:49:40+00:00","breadcrumb":{"@id":"https:\/\/lusamater.pt\/produto\/tray-me-2\/#breadcrumb"},"inLanguage":"en-US","potentialAction":[{"@type":"ReadAction","target":["https:\/\/lusamater.pt\/produto\/tray-me-2\/"]}]},{"@type":"ImageObject","inLanguage":"en-US","@id":"https:\/\/lusamater.pt\/produto\/tray-me-2\/#primaryimage","url":"https:\/\/lusamater.pt\/wp-content\/uploads\/2020\/12\/KRK004-Tabuleiro-Tray-me_cortica_Lusa-Mater.jpg","contentUrl":"https:\/\/lusamater.pt\/wp-content\/uploads\/2020\/12\/KRK004-Tabuleiro-Tray-me_cortica_Lusa-Mater.jpg","width":800,"height":800},{"@type":"BreadcrumbList","@id":"https:\/\/lusamater.pt\/produto\/tray-me-2\/#breadcrumb","itemListElement":[{"@type":"ListItem","position":1,"name":"Home","item":"https:\/\/lusamater.pt\/"},{"@type":"ListItem","position":2,"name":"Loja","item":"https:\/\/lusamater.pt\/shop\/"},{"@type":"ListItem","position":3,"name":"Tabuleiro Corti\u00e7a Tray me"}]},{"@type":"WebSite","@id":"https:\/\/lusamater.pt\/#website","url":"https:\/\/lusamater.pt\/","name":"Lusa Mater","description":"S\u00f3 n\u00e3o vendemos saudade","publisher":{"@id":"https:\/\/lusamater.pt\/#organization"},"potentialAction":[{"@type":"SearchAction","target":{"@type":"EntryPoint","urlTemplate":"https:\/\/lusamater.pt\/?s={search_term_string}"},"query-input":"required name=search_term_string"}],"inLanguage":"en-US"},{"@type":"Organization","@id":"https:\/\/lusamater.pt\/#organization","name":"Lusa Mater","url":"https:\/\/lusamater.pt\/","logo":{"@type":"ImageObject","inLanguage":"en-US","@id":"https:\/\/lusamater.pt\/#\/schema\/logo\/image\/","url":"https:\/\/lusamater.pt\/wp-content\/uploads\/2015\/07\/500x500.png","contentUrl":"https:\/\/lusamater.pt\/wp-content\/uploads\/2015\/07\/500x500.png","width":500,"height":500,"caption":"Lusa Mater"},"image":{"@id":"https:\/\/lusamater.pt\/#\/schema\/logo\/image\/"},"sameAs":["https:\/\/www.facebook.com\/lusamater.pt\/","https:\/\/x.com\/lusamater","https:\/\/instagram.com\/lusamater\/","https:\/\/pt.pinterest.com\/lusamater\/"]}]}},"_links":{"self":[{"href":"https:\/\/lusamater.pt\/en\/wp-json\/wp\/v2\/product\/36068"}],"collection":[{"href":"https:\/\/lusamater.pt\/en\/wp-json\/wp\/v2\/product"}],"about":[{"href":"https:\/\/lusamater.pt\/en\/wp-json\/wp\/v2\/types\/product"}],"version-history":[{"count":3,"href":"https:\/\/lusamater.pt\/en\/wp-json\/wp\/v2\/product\/36068\/revisions"}],"predecessor-version":[{"id":52903,"href":"https:\/\/lusamater.pt\/en\/wp-json\/wp\/v2\/product\/36068\/revisions\/52903"}],"wp:featuredmedia":[{"embeddable":true,"href":"https:\/\/lusamater.pt\/en\/wp-json\/wp\/v2\/media\/52050"}],"wp:attachment":[{"href":"https:\/\/lusamater.pt\/en\/wp-json\/wp\/v2\/media?parent=36068"}],"wp:term":[{"taxonomy":"product_cat","embeddable":true,"href":"https:\/\/lusamater.pt\/en\/wp-json\/wp\/v2\/product_cat?post=36068"},{"taxonomy":"product_tag","embeddable":true,"href":"https:\/\/lusamater.pt\/en\/wp-json\/wp\/v2\/product_tag?post=36068"}],"curies":[{"name":"wp","href":"https:\/\/api.w.org\/{rel}","templated":true}]}}

Tabuleiro Cortiça Tray me

<p>Tabuleiro Tray Me.  em aglomerado de cortiça.</p>
<p>Do pequeno almoço na cama, ao jantar no sofá,  a um café ou cocktail no terraço, o tabuleiro e bandeja de cortiça  Tray me é uma elegante e confortável forma de servir bebidas e refeições.</p>
<p>Fabricado em cortiça, material reconhecido pela sua beleza e sustentabilidade, é impermeável, seguro e fácil de transportar.</p>

<!-- This site is optimized with the Yoast SEO plugin v22.8 - https://yoast.com/wordpress/plugins/seo/ -->
<title>Tabuleiro Cortiça Tray me - Lusa Mater</title>
<meta name="robots" content="index, follow, max-snippet:-1, max-image-preview:large, max-video-preview:-1" />
<link rel="canonical" href="https://lusamater.pt/produto/tray-me-2/" />
<meta property="og:locale" content="en_US" />
<meta property="og:type" content="article" />
<meta property="og:title" content="Tabuleiro Cortiça Tray me - Lusa Mater" />
<meta property="og:description" content="[:pt]Tabuleiro Tray Me.  em aglomerado de cortiça. 45 x 30cm.  Do pequeno almoço na cama, ao jantar no sofá,  a um café ou cocktail no terraço, o tabuleiro e bandeja de cortiça  Tray me é uma elegante e confortável forma de servir bebidas e refeições.  Fabricado em cortiça, material reconhecido pela sua beleza e sustentabilidade, é impermeável, seguro e fácil de transportar.[:en]Tabuleiro Tray Me.  em aglomerado de cortiça.  Do pequeno almoço na cama, ao jantar no sofá,  a um café ou cocktail no terraço, o tabuleiro e bandeja de cortiça  Tray me é uma elegante e confortável forma de servir bebidas e refeições.  Fabricado em cortiça, material reconhecido pela sua beleza e sustentabilidade, é impermeável, seguro e fácil de transportar.[:]" />
<meta property="og:url" content="https://lusamater.pt/produto/tray-me-2/" />
<meta property="og:site_name" content="Lusa Mater" />
<meta property="article:publisher" content="https://www.facebook.com/lusamater.pt/" />
<meta property="article:modified_time" content="2023-12-19T12:49:40+00:00" />
<meta property="og:image" content="https://lusamater.pt/wp-content/uploads/2020/12/KRK004-Tabuleiro-Tray-me_cortica_Lusa-Mater.jpg" />
	<meta property="og:image:width" content="800" />
	<meta property="og:image:height" content="800" />
	<meta property="og:image:type" content="image/jpeg" />
<meta name="twitter:card" content="summary_large_image" />
<meta name="twitter:site" content="@lusamater" />
<script type="application/ld+json" class="yoast-schema-graph">{"@context":"https://schema.org","@graph":[{"@type":"WebPage","@id":"https://lusamater.pt/produto/tray-me-2/","url":"https://lusamater.pt/produto/tray-me-2/","name":"Tabuleiro Cortiça Tray me - Lusa Mater","isPartOf":{"@id":"https://lusamater.pt/#website"},"primaryImageOfPage":{"@id":"https://lusamater.pt/produto/tray-me-2/#primaryimage"},"image":{"@id":"https://lusamater.pt/produto/tray-me-2/#primaryimage"},"thumbnailUrl":"https://lusamater.pt/wp-content/uploads/2020/12/KRK004-Tabuleiro-Tray-me_cortica_Lusa-Mater.jpg","datePublished":"2015-05-08T11:19:24+00:00","dateModified":"2023-12-19T12:49:40+00:00","breadcrumb":{"@id":"https://lusamater.pt/produto/tray-me-2/#breadcrumb"},"inLanguage":"en-US","potentialAction":[{"@type":"ReadAction","target":["https://lusamater.pt/produto/tray-me-2/"]}]},{"@type":"ImageObject","inLanguage":"en-US","@id":"https://lusamater.pt/produto/tray-me-2/#primaryimage","url":"https://lusamater.pt/wp-content/uploads/2020/12/KRK004-Tabuleiro-Tray-me_cortica_Lusa-Mater.jpg","contentUrl":"https://lusamater.pt/wp-content/uploads/2020/12/KRK004-Tabuleiro-Tray-me_cortica_Lusa-Mater.jpg","width":800,"height":800},{"@type":"BreadcrumbList","@id":"https://lusamater.pt/produto/tray-me-2/#breadcrumb","itemListElement":[{"@type":"ListItem","position":1,"name":"Home","item":"https://lusamater.pt/"},{"@type":"ListItem","position":2,"name":"Loja","item":"https://lusamater.pt/shop/"},{"@type":"ListItem","position":3,"name":"Tabuleiro Cortiça Tray me"}]},{"@type":"WebSite","@id":"https://lusamater.pt/#website","url":"https://lusamater.pt/","name":"Lusa Mater","description":"Só não vendemos saudade","publisher":{"@id":"https://lusamater.pt/#organization"},"potentialAction":[{"@type":"SearchAction","target":{"@type":"EntryPoint","urlTemplate":"https://lusamater.pt/?s={search_term_string}"},"query-input":"required name=search_term_string"}],"inLanguage":"en-US"},{"@type":"Organization","@id":"https://lusamater.pt/#organization","name":"Lusa Mater","url":"https://lusamater.pt/","logo":{"@type":"ImageObject","inLanguage":"en-US","@id":"https://lusamater.pt/#/schema/logo/image/","url":"https://lusamater.pt/wp-content/uploads/2015/07/500x500.png","contentUrl":"https://lusamater.pt/wp-content/uploads/2015/07/500x500.png","width":500,"height":500,"caption":"Lusa Mater"},"image":{"@id":"https://lusamater.pt/#/schema/logo/image/"},"sameAs":["https://www.facebook.com/lusamater.pt/","https://x.com/lusamater","https://instagram.com/lusamater/","https://pt.pinterest.com/lusamater/"]}]}</script>
<!-- / Yoast SEO plugin. -->

Tabuleiro Cortiça Tray me - Lusa Mater

[:pt]Tabuleiro Tray Me.  em aglomerado de cortiça. 45 x 30cm.  Do pequeno almoço na cama, ao jantar no sofá,  a um café ou cocktail no terraço, o tabuleiro e bandeja de cortiça  Tray me é uma elegante e confortável forma de servir bebidas e refeições.  Fabricado em cortiça, material reconhecido pela sua beleza e sustentabilidade, é impermeável, seguro e fácil de transportar.[:en]Tabuleiro Tray Me.  em aglomerado de cortiça.  Do pequeno almoço na cama, ao jantar no sofá,  a um café ou cocktail no terraço, o tabuleiro e bandeja de cortiça  Tray me é uma elegante e confortável forma de servir bebidas e refeições.  Fabricado em cortiça, material reconhecido pela sua beleza e sustentabilidade, é impermeável, seguro e fácil de transportar.[:]

Só não vendemos saudade
